*z = 8. Calculate c(y).
-5
Let j be (1/3)/(2/12). Let o(l) = 2*l**j - 2*l**3 - 5 + 5*l + 3*l**3 - 1 - 7*l**2. Determine o(4).
-2
Let s(f) = -5747*f**2 + 5748*f**2 - f + 0*f. What is s(0)?
0
Let c(y) = -5*y**3 + 4*y**2 - y + 5. Let p(u) = 4*u**3 - 4*u**2 + u - 4. Suppose -2*g = f + 11, 2 + 0 = g - 2*f. Let h(v) = g*p(v) - 3*c(v). Give h(4).
-3
Suppose 2*a - h = -3*a + 25, 0 = -3*h. Suppose 2*b - 3 = -5*l - a, l = b - 6. Let z(f) = 3*f**2 + f + 1. Give z(l).
11
Let o(p) = -3 + 1 + 21*p + 6 - 20*p. What is o(-4)?
0
Let z(a) = 2*a**2 - 1. Let o(v) = -3*v**2 + 7*v + 11. Let p(b) = -o(b) - 2*z(b). Determine p(-6).
-3
Let q(d) = -d**3 - 13*d**2 + d + 11. Let v be q(-13). Let t = v + -3. Let a(y) = y + 12. Determine a(t).
7
Let k(p) = p + 3. Let d be k(0). Let q(l) = -3*l + 13. Let v be q(4). Let w(t) = 2*t - 1 - v - t + 3. Determine w(d).
4
Suppose 4*s + 5 = -5*h - s, 2*s - 3 = 3*h. Let w(u) = -5*u - 1. Determine w(h).
4
Let z(i) = i**3 - 5*i**2 + 3*i - 3. Suppose 0 = 7*u - 5*u - 10. Give z(u).
12
Let r(j) = j**2 - 3*j - 2. Let q be r(0). Let h(y) = -y**3 - 2*y**2 - 2*y - 2. Calculate h(q).
2
Let j = -11 - -7. Let l(w) = 4*w - 10*w + 2*w - w**2. What is l(j)?
0
Let b be 2/3 + (-36)/(-27). Let s(o) = 4*o - 22*o**2 + 37*o**2 - 16*o**b + 10. Determine s(7).
-11
Let m(h) = -h**2 + 9*h - 2. Suppose 2*u - 35 = -2*u - r, 5*r - 31 = -2*u. Determine m(u).
6
Let f(u) be the third derivative of 2*u**2 + 0 + 1/6*u**3 + 0*u + 1/24*u**4. What is f(3)?
4
Let i(x) = 6*x. Let s = 5 - 6. What is i(s)?
-6
Let j(t) be the second derivative of 0 - 2*t - 7/2*t**2 + 1/6*t**3. What is j(5)?
-2
Let k be 0*(6/(-4) + 1). Let f(v) = 1 + k - 2*v - v. Let i = -4 - -6. What is f(i)?
-5
Let q(p) = -p**3 + 3*p**2 - 4*p - 1. Suppose 3*d - 2*t + 11 = 0, 0 = -4*d - 4*t + 3 - 11. Let w be (-7)/(-3) + (-2)/d. What is q(w)?
-13
Let g = 5 - 5. Let r(f) = f + 6. Determine r(g).
6
Let g(q) = -2 + 0*q - 8*q + 5*q - q**2 + 2*q**2. Give g(5).
8
Let a(h) be the first derivative of -1/2*h**2 + 3 + 3*h. Calculate a(4).
-1
Let y = -4 + 7. Let p(o) = -4*o - 5 + 4 - o**2 + y - o. Give p(-6).
-4
Let o(b) = 6 + 0 + 0 + b - 4. Calculate o(-7).
-5
Let o(z) be the third derivative of -z**4/24 - 2*z**3/3 + 3*z**2. Let a(t) = -t**3 - t**2 + 2*t + 1. Let y be a(-3). Suppose -y = 2*m - 5. What is o(m)?
0
Let k(t) = 0*t + 1 - 2*t + t. Suppose 5*l + 16 = 41. Suppose -7*f + l*f + 2 = 0. Determine k(f).
0
Let h be 1/(1/((-2)/8) + 5). Let k(a) = -9*a**2. Determine k(h).
-9
Let i = -11 - -8. Suppose -4*u + 4 + 8 = 0. Let a = i + u. Let s(q) = q**2 + q + 10. What is s(a)?
10
Let f(i) = -3*i**2 - 25 + i**3 - 5*i + 24 + 2*i + 0*i**3. What is f(4)?
3
Suppose -4*x - a = -21, -14 - 12 = -4*x - 2*a. Let f(r) = -3 - 1 - x*r + 2*r. Calculate f(-4).
4
Let c = -2 + 2. Suppose h + w = 9, -5*h - w + 25 = -c*w. Let a(k) = -k - 2*k**2 + 2*k**2 + k**2 - h - 2*k. What is a(5)?
6
Let s = -54 - -61. Let o(m) = m**2 - 7*m + 7. What is o(s)?
7
Let d(z) = -6*z**3 + 2*z**2 - 1. Let v be (0 + -2)*(-11)/(-22). Calculate d(v).
7
Suppose 10 = 5*a, 3*w - 5*a + 2 + 2 = 0. Let s(k) = -k**3 + k**2 + k - 2. Determine s(w).
-4
Let x(t) = -t - 3. Let c(l) = -l - 3. Let i(d) = 6*c(d) - 5*x(d). Calculate i(-7).
4
Let c(r) = r**2 + r - 5. Suppose 5*v - 9 = 6. Let w = -3 + v. Determine c(w).
-5
Let a(r) = 6*r**2 + r. Suppose j - i - 17 = 0, -2*i + 29 = 5*j - 35. Suppose -6*f + 9 = -f + 2*t, -5*t + j = 4*f. Calculate a(f).
7
Let n(p) = p**2 + 10*p + 11. Let c be n(-9). Suppose -u + c = -0*u. Let z(w) = -3*w + 1 - 4 - w**2 + 9*w - u*w. What is z(3)?
0
Suppose -3*r + 8 = -10. Let s(o) = -r + o**2 - o + 3*o + 1 - 5*o. Determine s(4).
-1
Let j(y) = y + 2. Let o(r) = r + 1. Let g(f) = 2*j(f) - 3*o(f). Give g(-4).
5
Let q(c) = -c**3 + 7*c**2 - 7*c - 1. Let j(p) be the first derivative of 3*p**2/2 - 9*p + 1. Let f be j(5). Determine q(f).
-7
Let c(g) = 2*g - 8 - 2*g + g - g**2. Suppose -20 = 4*f - 2*z, 2*f = f + 3*z - 10. Let d be 1/f + 2/8. What is c(d)?
-8
Let h(s) = -s**3 - 3*s**2 + s - 3. Let w = 99 - 103. What is h(w)?
9
Let d(k) = -k**3 + 5*k**2 - 2*k - 5. Let l = -2 - 0. Let x be (-9)/l + (-5)/10. What is d(x)?
3
Let m(v) = 2*v - 7. Let a be m(7). Let b(x) = -7*x - 1 - 7*x**3 + x**2 + a*x. Calculate b(1).
-7
Suppose -l - 5 + 2 = 0. Let s be (-3 - -1)*l/2. Suppose 5*z + s*v + 2 = v, -12 = 2*z - 2*v. Let f(x) = 2*x**3 + 2*x**2 - 3*x - 3. Determine f(z).
-5
Let f be 6/9*-3 - 4. Let x(c) be the third derivative of c**6/120 + c**5/10 - c**4/24 + c**2. Calculate x(f).
6
Let w(i) = 4 + 0 + i - 2 + 2*i. Calculate w(-5).
-13
Let y(c) = -c**3 - 4*c**2 + 4*c + 2. Let o(s) = -3*s**3 + 4*s - 3*s**2 - 7*s**2 + 3*s + 5 + 3*s**2. Let g(a) = 2*o(a) - 5*y(a). Give g(5).
-5
Suppose 0 = 4*l - 3*j - 24, -2*l = 5*j + 3 - 15. Let v(q) = 11*q + 2 - 5*q - q**3 + 2 + 5*q**2. What is v(l)?
4
Let s(m) = 9*m**3 + 2*m**2 - 4*m - 1. Let t(b) = -17*b**3 - 4*b**2 + 9*b + 3. Let p(w) = 5*s(w) + 2*t(w). What is p(1)?
12
Let u(m) = m**2 + m + 2. Let x(o) = -1. Let y(t) = u(t) + 3*x(t). Let w(i) = i**2 - 5*i + 5. Let c be w(4). Let h = -1 - c. Give y(h).
1
Let k = -18 - -25. Suppose 5*r = -8 - k. Let h(l) = -l**3 - l**2 + 5*l + 3. Calculate h(r).
6
Let f be ((-20)/(-5))/(6/15). Let z(y) = -y**3 + 10*y**2 + y - 8. Calculate z(f).
2
Suppose -5*d - 20 = 10. Let a = d - -11. Let k(s) = s**2 - 3*s - 1. Calculate k(a).
9
Suppose -4*y + 6 - 2 = 0. Let i(w) = -5*w**3 - w**2. Calculate i(y).
-6
Let u(l) = -l**3 - 3*l**2 + 6*l + 5. Suppose a = -10 + 5. Determine u(a).
25
Let l be 3/((-9)/6) + 1. Let r be l/3*3*-1. Let f(k) = -k**3 + 1. Calculate f(r).
0
Let x be 11/(-44) + 78/(-8). Let h be (0 - 6)*x/(-30). Let u(a) = -a**3 + a**2 + 2*a. What is u(h)?
8
Let m = -2 - -4. Let u(a) = -3*a**2 + 3 - 2*a - 4 + 4*a. Give u(m).
-9
Let q(r) be the third derivative of r**4/12 - 5*r**3/6 + 6*r**2. Determine q(5).
5
Suppose -5*b = 25, -3*k + b - 6 = -20. Let o(f) be the first derivative of -k*f - 2 + 5/2*f**2. Give o(2).
7
Let w(r) = -r + 1. Let s(j) = 0 - j - j + 2. Let t(h) = 2*s(h) - 3*w(h). Give t(1).
0
Let n(y) = -y**2 + y + 5. Let g(c) = c**3 + c**2 + c + 4. Suppose 0 = -2*k - 3*k + 15. Suppose -4*o - k*f = -15, o + f - 5 = 4*o. Let b be g(o). What is n(b)?
-7
Let s(u) = u**3 + 5*u**2 - 6*u - 5. Let y(a) = -a**2 - 9*a + 30. Let m be y(-12). Calculate s(m).
-5
Let g be ((-10)/(-30))/((-1)/33). Let j = g - -16. Let y(z) = -z + 11. What is y(j)?
6
Let q be (-6)/(-1)*24/18. Let o = 14 - q. Let a(w) = 2*w - 7 + 8*w**2 - w**3 - 7*w - w**2. What is a(o)?
-1
Let n(z) = -24*z**2 - 2*z + 1. Suppose -q + 10 = 5*p - 0*q, -3*p + 5*q - 22 = 0. Calculate n(p).
-25
Let d = 12 - 5. Let i(q) = q**3 - 6*q**2 - 6*q - 7. Calculate i(d).
0
Suppose 0 = 9*l - 43 + 7. Let c(v) be the third derivative of v**5/30 - v**4/6 - 5*v**3/6 + v**2. Give c(l).
11
Let d(m) = -m + 2. Suppose 9 = -4*u + o, 4*u + 2*o - o = -7. Let w = 6 - u. Let g = w + -14. Calculate d(g).
8
Let v(p) = -p - 2. Let y be v(-6). Let x(s) = -y*s + 0*s**2 + 5*s**2 - 4*s**2. Suppose -2 = -l + 1. What is x(l)?
-3
Let c(q) = -q**2 + 3*q + 4. Let j be c(4). Let i(a) = -2*a**2 + 1 + a**2 - a**3 + 0. What is i(j)?
1
Suppose -z = -0*z. Let o(i) be the first derivative of 1/4*i**4 + 0*i + z*i**3 + 1 - 1/2*i**2. Give o(0).
0
Let m(a) = 2*a + 124*a**3 - 126*a**3 - 5 + 6. Let g = 10 + -16. Let l be (-10)/g + (-3)/(-9). Give m(l).
-11
Let t be (-2)/(-6) - 1/3. Suppose 2*k - 3*q = 3*k, 0 = 3*k + 4*q - 5. Suppose t = c - 4*u - 3 + 8, -4*u + 7 = -k*c. Let l(x) = 5*x. Determine l(c).
-5
Let w = 14 - 6. Suppose -4 = -4*b + w. Let h(o) = -o**2 + 2*o + 1. What is h(b)?
-2
Suppose -3*b = -3 - 6. Suppose 0 + 10 = a. Suppose -o + b*o + a = 0. Let k(j) = j**3 + 5*j**2 + j + 1. Determine k(o).
-4
Let g(l) be the third derivative of l**4/6 - 2*l**3/3 + l**2. Suppose 0 = z - 3. What is g(z)?
8
Let h(j) be the second derivative of j**4/12 + 2*j**3/3 - 3*j**2/2 + 9*j. Suppose -x = -3*x. Suppose x = -3*w + 4*w + 5. Calculate h(w).
2
Let q be 1 - 2/1 - -9. Suppose 4*o + q - 20 = 0. Let f(b) = -o - b + 0 - 1. Determine f(-4).
0
Suppose -3 + 1 = -v. Let m(f) be the first derivative of f**4/4 - 2*f**3/3 + f**2 + f + 13. Give m(v).
5
Let k be 2/3*3/2. Let w(r) be the first derivative of 11*r**5/20 - r**3/6 - 15*r - 6. Let a(b) be the first derivative of w(b). What is a(k)?
10
Let c(s) = s**2 +